mon factor of j and i?
1
Suppose -3*p - 6 + 42 = 0. Let c be 4/24 - 35/(-6). Calculate the greatest common divisor of c and p.
6
Let c be 15 + 7 - (-1)/(-1). What is the highest common factor of 3 and c?
3
Suppose 5*q + 0*q = 4*u + 25, u + 25 = 5*q. Suppose 0 = d - q*d + 360. Suppose l + 10 = 2*l. What is the greatest common divisor of d and l?
10
Suppose 0 = -4*r + s + 28, -3*r + 2*s = -0*r - 26. Suppose -20 = -k + r. What is the greatest common divisor of k and 39?
13
Let q = -5 - -3. Let u be 2/(1/(-12)*q). Calculate the highest common divisor of u and 24.
12
Let q(o) = -65*o - 2. Let c be q(-1). Calculate the highest common divisor of c and 21.
21
Suppose z - 3*q - 42 = 0, -2*q - 112 = -0*z - 3*z. Suppose -z = -4*x - 8. Calculate the greatest common factor of 56 and x.
7
Suppose -d + 9 = 5. Suppose -4*c + 0*c - 108 = 0. Let o = -7 - c. Calculate the greatest common divisor of d and o.
4
Suppose 4*n = 4*y - 32, 4*n - 3 = -19. Suppose 425 = y*f - 207. Suppose -f = -5*o + 142. What is the highest common factor of 12 and o?
12
Suppose 4*t - 2 - 6 = 0. What is the highest common factor of t and 4?
2
Let y = -2 - -6. Suppose 0 = -y*d + 231 + 81. Let m = -54 + d. Calculate the highest common factor of 8 and m.
8
Let z = -111 + 160. Let u = -21 + z. Let h(g) = -g**2 + 21*g - 54. Let a be h(17). Calculate the highest common divisor of a and u.
14
Suppose 0 = -4*a + 8 - 0. Suppose -a*i = 3*p - 212, 4*i + 13 = 5. Calculate the greatest common factor of 9 and p.
9
Suppose 11*j - 1001 = -2*j. What is the highest common factor of 11 and j?
11
Let l(a) = a**2 + 2*a + 1. Let r be l(-2). Let s be -2 - (-43 + 1)/r. What is the highest common factor of s and 8?
8
Let h be (-126)/(-10) + (-4)/(-10). Let o(d) = 3*d**2 + 12*d + 3. Let z be o(-6). Calculate the highest common factor of h and z.
13
Let v be (-48)/28 + (-2)/7. Let n(t) = -16*t - 2. Let w be n(v). Suppose j - 6*j + w = 0. Calculate the highest common divisor of 54 and j.
6
Let y(c) = -c**3 + 2*c**2 + c. Let f be y(-1). Let g(p) = -6*p + 2 + p + p + 18*p**2. Let x be g(f). Calculate the greatest common factor of 44 and x.
22
Let b be (1 + 0 - -1) + 2. Suppose -2*d - 67 = -b*z - 261, -3*z + 87 = d. Let a = 148 - d. What is the greatest common divisor of 5 and a?
5
Let b(q) = 4*q**2 - 4*q + 8 - 2*q**2 - 2*q**2 - q**2. Let g be b(-4). What is the highest common factor of 1 and g?
1
Suppose -f - 204 = -4*f. Let p = 5 + -2. Suppose p*r + 68 = 7*r. What is the highest common factor of f and r?
17
Let l be (-4)/(-32) - (-237)/24. What is the highest common factor of l and 90?
10
Let m be -1 + 0 - (0 + 2). Let j be (-3)/m - (-3 + 0). Let x(n) = 7*n**2 - 2*n - 5. Let h be x(j). What is the greatest common factor of h and 9?
9
Let a(d) = -3*d - d**3 + 0*d**2 - 8 - 2*d**2 + 13. Let u be a(-4). Suppose 0*g + 12 = 2*x - g, -x - 2*g + 11 = 0. What is the greatest common factor of u and x?
7
Let f = -9 + 17. Suppose 0 = u - f + 4. Suppose -1 = -i + 7. What is the highest common factor of u and i?
4
Let g(k) = -k**3 + 10*k**2 + 11*k - 5. Let v be 4/2*(-99)/(-18). Let m be g(v). Let r = 23 + m. What is the greatest common divisor of 45 and r?
9
Let k be (9/2 + (-6)/(-12))*15. What is the highest common divisor of k and 15?
15
Let s be 8 + 0 - (8 + -7). Calculate the greatest common divisor of s and 63.
7
Let g(d) = -10*d - 10. Let n be g(8). Let u = n + 165. What is the highest common divisor of 25 and u?
25
Let j(l) = 2*l**2 + l - 2. Let n be j(-2). Suppose -3*a + 12 = 0, -5*i + 2 - n = -3*a. Calculate the highest common factor of 14 and i.
2
Suppose -x = 3*h - 5*x - 63, 5*h = -3*x + 134. What is the greatest common divisor of 100 and h?
25
Let c(s) = 5*s**2 + 2*s + 1. Let g be c(-1). Suppose -2 = -3*w + g*w, 5*a + 5*w - 105 = 0. Calculate the greatest common factor of a and 138.
23
Let o = 13 - -17. What is the highest common factor of o and 6?
6
Let o be (-654)/42 + (-3)/7. Let s be 12/10*(-360)/o. Calculate the greatest common factor of 3 and s.
3
Let o(d) = -d**3 - 11*d**2 - 11*d + 1. Let p be o(-10). Suppose -3*c - 4*l = -66, -5*l = -0*c + c - p. Calculate the greatest common factor of 39 and c.
13
Suppose 2*f = -6*h + 2*h + 86, -4*f - 104 = -4*h. Suppose 0 = -z + 81 + h. Calculate the highest common factor of z and 13.
13
Suppose 5 = 5*h + f - 2*f, 15 = -3*f. Suppose o - 25 - 31 = h. Calculate the greatest common divisor of o and 8.
8
Suppose 28 = 5*j - 3*j. What is the highest common divisor of j and 14?
14
Let w = 9 + 23. Calculate the highest common factor of w and 24.
8
Let f be 8/((-2)/(-13 - 1)). Let n be (39/26)/((-3)/(-14)). What is the highest common divisor of f and n?
7
Suppose 0 = 3*h - 31 - 17. What is the greatest common factor of h and 64?
16
Let a(v) = -v**3 - 9*v**2 - 12*v + 29. Let b be a(-7). What is the highest common factor of b and 60?
15
Let q = 52 - -2. Let i(s) = s**2 + 4*s + 4. Let x be i(-4). Suppose -7*y = -x*y - 54. Calculate the greatest common factor of q and y.
18
Suppose -2*j + 33 = 2*j + c, 2*j - 29 = -3*c. Calculate the highest common divisor of 49 and j.
7
Let y be (-1)/((-5)/(-66))*-25. What is the greatest common factor of y and 132?
66
Let q be (-1 - (-2 - 0))*3. Suppose -q*i + 0 + 27 = 0. Calculate the greatest common factor of i and 1.
1
Suppose 0 = q - 4*q - 30. Let g(x) = -x**2 - 12*x - 8. Let a be g(q). What is the highest common factor of 36 and a?
12
Suppose -2*c + 3*y = -106, c + y - 5*y - 63 = 0. Let x = -25 + c. Calculate the greatest common factor of x and 11.
11
Suppose -10*j = -8*j - 450. Suppose j = -4*u + 9*u. Let i be 2*((-19)/(-2) - 2). What is the highest common factor of u and i?
15
Suppose 0 = -2*k - 0*k. Suppose 3*g - 33 - 132 = k. What is the highest common factor of g and 11?
11
Suppose 5*l - 2*l - 78 = 0. Calculate the highest common divisor of 78 and l.
26
Suppose z + 5*q = 27, -z + 3*q - 117 = -4*z. Let r(l) = 4*l**3 - 3*l**2 - l + 10. Let k be r(2). What is the highest common factor of k and z?
14
Let d(h) = -1 - 2 + 6*h + 15. Let f be d(10). Suppose -30 = -4*k + 2. What is the greatest common divisor of k and f?
8
Let w = -22 + 47. What is the highest common divisor of 175 and w?
25
Let s(d) = -d + 22. Let w be s(9). Let j = -18 - -44. What is the highest common factor of w and j?
13
Let o = -6 - -20. Calculate the greatest common factor of 182 and o.
14
Let d = 82 + -47. Suppose 3*w + 0*w - d = 5*z, -2*w = -z - 35. What is the highest common factor of 40 and w?
20
Let v = -13 - -35. Suppose -6*x + x + 615 = 0. Let r be x/11 + 2/(-11). What is the highest common divisor of r and v?
11
Suppose 2*i - 13 = 27. What is the greatest common factor of 80 and i?
20
Suppose -4*v + 118 = 22. Suppose 0 = -f + 5*b + 36, -f - f - 2*b = -v. What is the greatest common divisor of 48 and f?
16
Let s = -11 + 19. Suppose -d + 11 = -s. Calculate the greatest common divisor of d and 95.
19
Suppose 6*k - 2 = 10. Calculate the greatest common factor of k and 16.
2
Let c be (2 - 1)/((-21)/(-1050)). Calculate the greatest common factor of c and 20.
10
Let i(k) = -2*k**3 - 8*k**2 - 9*k. Let q be i(-4). What is the highest common divisor of q and 9?
9
Suppose 3*y - 62 - 154 = 0. Let x = -11 - -29. What is the highest common factor of x and y?
18
Let w(f) = -f**3 - 3*f**2 + 4*f. Let h be w(-5). Calculate the highest common divisor of 10 and h.
10
Let l = 13 - 3. What is the greatest common divisor of l and 30?
10
Suppose 3*q = -q - 5*o + 220, 0 = -2*q - 2*o + 112. What is the highest common factor of 36 and q?
12
Let w(k) = -2*k - 5. Let z = -6 - -3. Let q be w(z). What is the highest common factor of 3 and q?
1
Let h be 0*2/(-2) - -60. Suppose -4*n = -4*u - 312, 0 = n - 0*u + 5*u - h. What is the greatest common factor of n and 30?
15
Suppose w - 4 = -3*w, -5*w = 5*n - 240. Suppose 5*t = -m + n, 3*t - 2*m - 26 = -3. Suppose 2*u - 3 = -u. Calculate the highest common factor of t and u.
1
Let k = 22 + -8. Calculate the greatest common divisor of 112 and k.
14
Let s be 2/(-1) + (-3 - -10). Suppose 3*u - 141 = -3*n, 3*n = -s*u - 0*n + 231. What is the highest common divisor of u and 9?
9
Suppose 0 = -y + 13 + 7. Let d be 3 - (-1 + (-52)/2). Calculate the highest common divisor of y and d.
10
Suppose -5*m - 7 = 3. Let t(d) = 114*d**2 - d - 2. Let l be t(m). Suppose -v 